{"id":54,"date":"2022-09-18T11:53:32","date_gmt":"2022-09-18T11:53:32","guid":{"rendered":"https:\/\/larella-arts.de\/?page_id=54"},"modified":"2022-10-22T12:14:04","modified_gmt":"2022-10-22T12:14:04","slug":"wer-bin-ich","status":"publish","type":"page","link":"https:\/\/larella-arts.de\/index.php\/wer-bin-ich\/","title":{"rendered":"Wer bin ich"},"content":{"rendered":"\n<h3 class=\"wp-block-heading\">Wer steht hinter Larella Arts?<\/h3>\n\n\n\n<p>Eine junge, aufgeschlossene Frau namens Lara, die vor kreativen Ideen \u00fcbersprudelt und Euch gerne daran teilhaben lassen m\u00f6chte .<\/p>\n\n\n\n<h3 class=\"wp-block-heading\">Zur Person<\/h3>\n\n\n\n<p>Mein Beruf als Erzieherin erm\u00f6glicht es mir , eine Vielzahl an kreativen Anregungen in meinem Arbeitsalltag gemeinsam mit den Kindern umzusetzen.<br>Wenn ich nicht gerade kreativ aktiv bin, unternehme ich Ausfl\u00fcge mit meinem Partner, nehme mir Zeit f\u00fcr Familie und Freunde, singe und spiele gerne auf meinem Tenorsaxophon oder schaue liebend gerne Animes .<br>Ihr seht, mein Alltag ist nicht langweilig.<\/p>\n","protected":false},"excerpt":{"rendered":"<p>Wer steht hinter Larella Arts? Eine junge, aufgeschlossene Frau namens Lara, die vor kreativen Ideen \u00fcbersprudelt und Euch gerne daran teilhaben lassen m\u00f6chte . Zur Person Mein Beruf als Erzieherin erm\u00f6glicht es mir , eine Vielzahl an kreativen Anregungen in meinem Arbeitsalltag gemeinsam mit den Kindern umzusetzen.Wenn ich nicht gerade kreativ aktiv bin, unternehme ich [&hellip;]<\/p>\n","protected":false},"author":1,"featured_media":0,"parent":0,"menu_order":0,"comment_status":"closed","ping_status":"closed","template":"","meta":{"footnotes":""},"_links":{"self":[{"href":"https:\/\/larella-arts.de\/index.php\/wp-json\/wp\/v2\/pages\/54"}],"collection":[{"href":"https:\/\/larella-arts.de\/index.php\/wp-json\/wp\/v2\/pages"}],"about":[{"href":"https:\/\/larella-arts.de\/index.php\/wp-json\/wp\/v2\/types\/page"}],"author":[{"embeddable":true,"href":"https:\/\/larella-arts.de\/index.php\/wp-json\/wp\/v2\/users\/1"}],"replies":[{"embeddable":true,"href":"https:\/\/larella-arts.de\/index.php\/wp-json\/wp\/v2\/comments?post=54"}],"version-history":[{"count":2,"href":"https:\/\/larella-arts.de\/index.php\/wp-json\/wp\/v2\/pages\/54\/revisions"}],"predecessor-version":[{"id":107,"href":"https:\/\/larella-arts.de\/index.php\/wp-json\/wp\/v2\/pages\/54\/revisions\/107"}],"wp:attachment":[{"href":"https:\/\/larella-arts.de\/index.php\/wp-json\/wp\/v2\/media?parent=54"}],"curies":[{"name":"wp","href":"https:\/\/api.w.org\/{rel}","templated":true}]}}